 of (-34)/(-3)*(-3 - p - -18)?
2, 17
Suppose 4*h + 415 = -61. Let q = -25 - h. What are the prime factors of q?
2, 47
Suppose -5*o + o + 1012 = 0. Suppose -3*b = o - 73. What are the prime factors of ((-36)/45)/(2/b)?
2, 3
Let u(m) = -56*m + 126. What are the prime factors of u(-18)?
2, 3, 7
Let k(h) = 5*h**3 + 14*h**2 - h - 10. Let m(y) = -4*y**3 - 13*y**2 + 2*y + 9. Let a(l) = 5*k(l) + 6*m(l). List the prime factors of a(8).
2, 3, 5
Let t = 631 - -406. List the prime factors of (-3 - (-18)/5) + t/5.
2, 13
Suppose 4*n - 19647 = -1491. Suppose -7*g + n = 10*g. List the prime factors of g.
3, 89
Suppose 4*c - 6 = 6. Suppose c = t - 30. What are the prime factors of t?
3, 11
Suppose 0 = -0*h + 3*h - 15. Suppose -3 - 17 = -h*z. Suppose 147 = z*d - 5*g, 0*g + 3*g = -3*d + 144. List the prime factors of d.
43
Suppose -40 = -6*r + r. Let g = 10 - r. Let b(o) = o**2 + o + 1. What are the prime factors of b(g)?
7
Suppose 5 + 7 = -4*z. What are the prime factors of (z + 20)*(-2 - -4)?
2, 17
Let o(v) = -7. Let q(i) = 6. Let c(r) = -5*o(r) - 6*q(r). Let k(u) = 2*u + 10. Let y(n) = 2*c(n) + k(n). What are the prime factors of y(6)?
2, 5
Let g(n) = 8*n**2 - 9*n + 26. Let w be g(11). Suppose -w = -4*v - v + c, 0 = -3*c - 15. List the prime factors of v.
2, 89
Let l(k) = 9*k**2 + 24*k + 50. List the prime factors of l(-2).
2, 19
Let j(q) = 41*q**2 - 13*q - 29. What are the prime factors of j(-5)?
1061
Suppose 0 = -5*b + 6*s - s + 75, -3*b - 4*s + 17 = 0. Let v = 18 - b. Suppose -1 = -2*m + v. What are the prime factors of m?
2
Suppose 82*j = 77*j + 1560. What are the prime factors of j?
2, 3, 13
Let i(g) = 2*g**3 - 3*g**2 - g + 2. Let m be i(2). Let d(t) = m - 5 - 1 - 6*t. What are the prime factors of d(-2)?
2, 5
Let q = 70 + -46. Let u = q - 24. Suppose u = -2*l - 2*l + 12. What are the prime factors of l?
3
Suppose 19 = 2*i + 5. Suppose 8*n - i = 7*n. Suppose 5*l + 36 = n*l. List the prime factors of l.
2, 3
Suppose 6*l - 409 - 10913 = 0. List the prime factors of l.
3, 17, 37
Let v be 3 + -1 - (-56)/14. Let l = 32 + v. What are the prime factors of l?
2, 19
Let y(i) = -2*i - 20. Let p be y(-6). What are the prime factors of 13 - (-8)/(p/(-3))?
2
Suppose -4*j - j = -5*z + 2600, -5*j - 2085 = -4*z. List the prime factors of z.
5, 103
Let f(w) = 2*w**2 - w + 5. Suppose 0 = -4*s + 5*y + 1, -4*s - 50 = s + 4*y. What are the prime factors of f(s)?
83
List the prime factors of (-1)/((-2)/(-9968)*-4).
2, 7, 89
Let i be 306/2*2/6. Suppose 0 = 18*g - 15*g - i. Let u = g + -5. What are the prime factors of u?
2, 3
Let k(o) be the third derivative of o**5/60 - o**4/3 - o**3/3 - 4*o**2. List the prime factors of k(9).
7
Let j = 62 - -528. What are the prime factors of j?
2, 5, 59
What are the prime factors of (-813 - (6 + -10))*(2 - 3)?
809
Let s = -6 + 7. Let z be (s - -4)*12/20. List the prime factors of (-2)/3*(-90)/z.
2, 5
Let q(w) = w**3 - w**2 - 3*w + 4. Let n be q(2). Suppose -n*t - 149 = -2*m + 7*m, -4*m = t + 79. Let s = -12 - t. What are the prime factors of s?
5, 11
Let o(n) be the third derivative of -13*n**4/12 - 2*n**3 - 5*n**2. List the prime factors of o(-2).
2, 5
Let b(z) = 13*z + 528. What are the prime factors of b(0)?
2, 3, 11
Suppose 4*p + 36 = -4*q + 8, 4*q = p - 18. List the prime factors of (126/(-15))/(p/15).
3, 7
Suppose o - 7 + 10 = 0. What are the prime factors of (-286)/o*-2*(-9)/6?
2, 11, 13
Let u = 13 + -8. Suppose 0 = -u*s - 8 - 37. List the prime factors of 23/(-1 + s/(-6)).
2, 23
Let d(o) = -156*o - 4. List the prime factors of d(-4).
2, 5, 31
Suppose -12*s + 2592 = -3*s. What are the prime factors of s?
2, 3
Let u(d) = -d**3 - 17*d**2 - 4*d - 30. Let j be u(-18). Suppose -9*b + 390 = -j. List the prime factors of b.
2, 3, 7
Suppose -5*x - 582 = -2782. Suppose -19*r = -23*r + x. List the prime factors of r.
2, 5, 11
Let s be (50/(-4))/((-3)/6). Suppose 4*b = -0*c - c - 18, 0 = -5*b - s. Suppose -i - c*i + 93 = 0. What are the prime factors of i?
31
Let l(k) = 3*k**2 + 12*k - 13. Let s(p) = p**2 + 4*p - 4. Let o(q) = -2*l(q) + 7*s(q). Let h be o(-5). List the prime factors of 2*h/12*48.
2, 3
Let w = 25 + -20. Suppose -d = 3*r - 90, -d + w*r + 72 = 2*r. Suppose d = 2*v - 13. List the prime factors of v.
47
Let m = -292 + 429. Let b be (1 + (-2 - 2))*-1. Suppose m = b*h - 4*t, h + 2*t - 78 + 19 = 0. What are the prime factors of h?
3, 17
Suppose 8*w = -8*w + 5680. What are the prime factors of w?
5, 71
Suppose 0 = -5*z + 9*z - 8. Suppose 14*o = z*o + 2028. List the prime factors of o.
13
Suppose 5*x + 5*q + 120 = 0, 0 = -2*x + 3*q - 0*q - 38. Let p = 35 + x. List the prime factors of p.
13
Suppose -6*l - 2 + 14 = 0. Suppose -2*n = -4*y, -y + l = 1. Suppose 0 = n*d - j - 47, 8*j - 3*j = 25. What are the prime factors of d?
2, 13
Suppose -3*t + 0 + 12 = 0. Suppose 1440 = t*b + 16*b. List the prime factors of b.
2, 3
Let j = 2764 + -1391. What are the prime factors of j?
1373
Let r = -1267 - -2749. List the prime factors of r.
2, 3, 13, 19
Let g(o) = -2*o**2 + 7*o - 9. Let h be g(7). Let l = h - -111. What are the prime factors of l?
53
Suppose 4*h = -2*p + 10218, 3*p + 5819 = 5*h - 6948. List the prime factors of h.
2, 1277
Let m(z) = z**2 + z - 4. Let k be -6 + (0/2)/(-12 + 13). What are the prime factors of m(k)?
2, 13
Let h(r) = r - 7. Suppose 0 = 5*b + 4*w - 22, -2*b = b + 4*w - 10. Let g be h(b). Let y = g + 23. List the prime factors of y.
2, 11
Let z be (8 + 2)/(3 - 1). Let r(c) = c + 5. Let o be r(5). Suppose -o*v + z*v = -90. List the prime factors of v.
2, 3
Suppose 0 = -d - v + 52, -2*v = -5*d + 152 + 115. Let o = 119 - d. What are the prime factors of o?
2, 3, 11
Let m(z) = -35*z - 12. Let u(r) = r - 11. Let l be u(7). List the prime factors of m(l).
2
Suppose -976 - 1136 = -11*b. What are the prime factors of b?
2, 3
Let k = 9 - 9. Suppose 5*n = -3*y - 3, -2*n + 4*y + 3 + 1 = k. Suppose n = j - 58 - 5. What are the prime factors of j?
3, 7
Let p(u) = -u**3 + u**2 + 34*u + 9. List the prime factors of p(-11).
1087
Let n(j) = j**3 + 6*j**2 + 7*j + 8. Let f be n(-5). Let u be (3 + -3 - f)*38. Suppose 0 = -2*m + 4*m - u. What are the prime factors of m?
2, 19
Let u(x) = 2*x**3 - 2*x**2 - 10*x. Let q be u(5). Suppose 8*b - q = 7*b. What are the prime factors of b?
2, 3, 5
List the prime factors of (-2)/8 + 27985/20.
1399
Let k(q) = -q**2 - 6*q - 2. Let p be k(-4). Let a be (-363)/3 - (p - 4). What are the prime factors of 2/5 + a/(-5)?
5
List the prime factors of 3*1 - (-16 + 1861/(-1)).
2, 5, 47
Let l(o) = o**3 - 3*o**2 + 3*o - 7. Let h be l(4). Let n = -4 + h. What are the prime factors of n?
17
Let m = 1796 + -1123. List the prime factors of m.
673
Let j = -3726 - -7538. What are the prime factors of j?
2, 953
Suppose l - 5*x - 19 = 0, -2*x - 8 = -5*l - 6*x. Suppose -w - l*m = -44, 2*m - 2 = 6. List the prime factors of w.
2, 7
Let v be (1 - (-12)/(-4)) + -14. Let x(o) = -o**2 - 17*o - 18. Let a be x(v). List the prime factors of a/(-7) + 390/7.
2, 7
Suppose 27495 = 148*l - 135*l. List the prime factors of l.
3, 5, 47
Let c be -2 + 4 - (-5 - -5). Let w(a) = -a**3 + 2*a**2 + a - 1. Let j be w(c). List the prime factors of (-71 - j)/(-3) + -2.
2, 11
Suppose 4*w + 2*f = -3*f + 5, -2*f + 2 = -4*w. Suppose w = 5*b - 3*b - 52. What are the prime factors of (123/2)/(39/b)?
41
Let z(q) be the third derivative of q**6/60 - q**5/15 + q**4/12 + q**3/3 + 10*q**2. What are the prime factors of z(4)?
2, 37
Let s be 110 - (3 + -9 - -4). Suppose -9*g - s = -11*g. List the prime factors of g.
2, 7
Let u be ((-32)/2)/(2/(-9)). Suppose 11*x - 16*x + 15 = 0. Suppose -x*c + u = 4*w + 2*c, -2*w + c = -50. List the prime factors of w.
23
Let t be 1/(4 - (-14995)/(-3750)). Suppose 5*n - 5*b = t, -2*n + 3*b = -127 - 170. List the prime factors of n.
3, 17
List the prime factors of (63/105)/((6/4460)/3).
2, 3, 223
Suppose -4*z = 2*c + 2*c - 128, -4*c - 12 = 0. Suppose 0*v = -2*v + 3*h + 115, v + 3*h = z. What are the prime factors of v?
2, 5
Let n(l) = -5 + l + 1 + 2*l**2 + 3 - 4*l. What are the prime factors of n(8)?
103
Suppose 0 = m - 5*s + 3, 2 + 3 = m + 3*s. Suppose m*j = -3*l + 147, 2*l - 83 = -2*j + 61. Suppose 5*o - j = -9. What are the prime factors of o?
2, 3
Let t(j) = j**3 + 6*j**2 - 62*j + 46. List the prime factors of t(7).
3, 83
Let 